{"id":19,"date":"2022-03-30T05:16:11","date_gmt":"2022-03-30T05:16:11","guid":{"rendered":"http:\/\/www.athajosescueladevida.com\/?page_id=19"},"modified":"2023-03-30T13:00:58","modified_gmt":"2023-03-30T18:00:58","slug":"nosotros","status":"publish","type":"page","link":"https:\/\/www.athajos.com\/index.php\/nosotros\/","title":{"rendered":"NOSOTROS"},"content":{"rendered":"\n<div class=\"wp-block-columns alignfull has-background-color has-text-color has-background is-layout-flex wp-container-core-columns-layout-1 wp-block-columns-is-layout-flex\" style=\"background:linear-gradient(135deg,rgb(255,245,203) 0%,rgb(182,227,212) 14%,rgb(51,167,181) 31%)\">\n<div class=\"wp-block-column is-vertically-aligned-top is-layout-flow wp-block-column-is-layout-flow\">\n<div class=\"wp-block-group is-layout-flow wp-block-group-is-layout-flow\"><div class=\"wp-block-group__inner-container\">\n<h2 class=\"wp-block-heading alignwide has-text-align-center\">NOSOTROS<\/h2>\n<\/div><\/div>\n<\/div>\n<\/div>\n\n\n\n<div class=\"wp-block-columns alignwide is-layout-flex wp-container-core-columns-layout-2 wp-block-columns-is-layout-flex\">\n<div class=\"wp-block-column is-layout-flow wp-block-column-is-layout-flow\" style=\"flex-basis:66.66%\">\n<h4 class=\"wp-block-heading\">Athajos Escuela de Vida<\/h4>\n\n\n\n<p>Somos una empresa que promueve la salud mental a nivel individual, Familiar, comunitario y social, guiados por principios, valores de solidaridad y equidad. Contamos con un equipo humano de profesionales formados en diferentes disciplinas especializados para mejorar la calidad de vida, el desarrollo y el crecimiento humano con vocaci\u00f3n y \u00e9tica profesional.<\/p>\n\n\n\n<p>Nos dedicamos al servicio de Capacitaci\u00f3n y consultor\u00eda a empresas, consejer\u00eda, orientaci\u00f3n, y acompa\u00f1amiento psicol\u00f3gico, Aplicamos diferentes corrientes de tratamiento enfocados en reeducar las diferentes conductas perjudiciales en los ni\u00f1os, adolescentes, adultos y familia.<\/p>\n\n\n\n<p>As\u00ed como promover y organizar actividades relacionadas al turismo psicol\u00f3gico vivencial, terapias de Desintoxicaci\u00f3n Emocional e investigaci\u00f3n orientada al desarrollo humano y Psicosocial. &nbsp;Propiciamos el mejoramiento de la calidad de vida de las personas a trav\u00e9s de nuestra intervenci\u00f3n profesional, buscamos en las personas el momento en el cual su vida de un giro que les permita crecer y ser felices.&nbsp;&nbsp; Y encontrar en la felicidad un hermoso camino que recorrer.<\/p>\n\n\n\n<p>&nbsp;\u201cNo dejes tu salud mental para despu\u00e9s\u201d\u2026 Puedes elegir otra manera de vivir.<\/p>\n\n\n\n<figure class=\"wp-block-video\"><video controls src=\"https:\/\/www.athajos.com\/\/wp-content\/uploads\/2022\/08\/Beige-Marron-Claro-Blanco-Peculiar-Generico-Introduccion-de-YouTube-1.mp4\"><\/video><\/figure>\n\n\n\n<p class=\"has-large-font-size\"><strong>NUESTRA MISI\u00d3N<\/strong><\/p>\n\n\n\n<ul>\n<li>Promover el desarrollo humano, a trav\u00e9s de actividades preventivas &#8211; promoci\u00f3nales de la salud emocional y psicosocial (a lo largo de todo el ciclo vital: infancia, adolescencia, juventud, adultez y vejez), y en organizaciones.<\/li>\n\n\n\n<li>Ofrecer servicios psicol\u00f3gicos, integral, eficiente, \u00e9tico y especializado, contando con un equipo profesional de calidad, para contribuir a potenciar la calidad de vida de las personas.<\/li>\n\n\n\n<li>Generar espacios para potencializar las diferentes dimensiones del desarrollo humano, a partir de procesos integrales donde las personas, comunidades y organizaciones pueden materializar sue\u00f1os, alcanzar metas y realizar proyectos.<\/li>\n<\/ul>\n\n\n\n<p class=\"has-large-font-size\"><strong>NUESTRA VISI\u00d3N<\/strong><\/p>\n\n\n\n<p>Ser una Empresa l\u00edder como <strong>centro de desarrollo humano<\/strong> reconocido a nivel nacional que contribuye a la salud mental y bienestar por brindar propuestas preventivo &#8211; promoci\u00f3nales a trav\u00e9s de intervenciones cl\u00ednicas, procesos educativos, culturales en el campo de las diversas manifestaciones art\u00edsticas, con el fin de potenciar personas comprometidas con la sociedad, capaces de contribuir con creatividad, empat\u00eda y entusiasmo al desarrollo del pa\u00eds.<\/p>\n\n\n\n<p><strong>La persona como eje del desarrollo<\/strong>:<\/p>\n\n\n\n<p>En el centro de todos los procesos est\u00e1 la persona. Es el objeto\/sujeto del desarrollo humano y es su bienestar y felicidad lo que orienta a la acci\u00f3n<\/p>\n\n\n\n<p><strong>Acci\u00f3n sin da\u00f1o<\/strong>:<\/p>\n\n\n\n<p>Toda acci\u00f3n que se despliegue para el desarrollo humano debe estar exenta de da\u00f1o hacia quien la realiza y hacia las dem\u00e1s personas<\/p>\n\n\n\n<p><strong>Construcci\u00f3n de espacios de desarrollo<\/strong>:<\/p>\n\n\n\n<p>Las acciones en el marco de este modelo de desarrollo humano deben generar, propiciar o fortalecer espacios colectivos y aut\u00f3nomos para la continuidad del desarrollo.<\/p>\n\n\n\n<div class=\"wp-block-group alignwide is-layout-flow wp-block-group-is-layout-flow\"><div class=\"wp-block-group__inner-container\">\n<div class=\"wp-block-media-text alignwide is-stacked-on-mobile\" style=\"grid-template-columns:15% auto\"><figure class=\"wp-block-media-text__media\"><a href=\"https:\/\/api.whatsapp.com\/send?phone=975581850&amp;text=Quiero%20saber%20m%C3%A1s...\"><img loading=\"lazy\" decoding=\"async\" width=\"479\" height=\"482\" src=\"http:\/\/www.athajosescueladevida.com\/wp-content\/uploads\/2022\/07\/WhatsApp.svg_.webp\" alt=\"\" class=\"wp-image-540 size-full\" srcset=\"https:\/\/www.athajos.com\/\/wp-content\/uploads\/2022\/07\/WhatsApp.svg_.webp 479w, https:\/\/www.athajos.com\/\/wp-content\/uploads\/2022\/07\/WhatsApp.svg_-298x300.webp 298w, https:\/\/www.athajos.com\/\/wp-content\/uploads\/2022\/07\/WhatsApp.svg_-150x150.webp 150w\" sizes=\"(max-width: 479px) 100vw, 479px\" \/><\/a><\/figure><div class=\"wp-block-media-text__content\">\n<p><strong>\u00bfQuieres saber mas de nuestros cursos?<\/strong><\/p>\n\n\n\n<p><strong>Env\u00edanos un mensaje al WhatsApp <a href=\"https:\/\/api.whatsapp.com\/send?phone=975581850&amp;text=Quiero%20saber%20m%C3%A1s...\">975581850<\/a><\/strong><\/p>\n<\/div><\/div>\n<\/div><\/div>\n<\/div>\n\n\n\n<div class=\"wp-block-column has-primary-color has-pale-ocean-gradient-background has-text-color has-background is-layout-flow wp-block-column-is-layout-flow\">\n<p><\/p>\n\n\n\n<p class=\"has-text-align-center has-primary-background-color has-background has-normal-font-size\" style=\"font-style:normal;font-weight:900\"><strong><a href=\"http:\/\/www.athajos.com\/index.php\/servicios\/\" target=\"_blank\" rel=\"noreferrer noopener\">TALLERES PSICOL\u00d3GICOS<\/a><\/strong><\/p>\n\n\n\n<p><\/p>\n\n\n\n<figure class=\"wp-block-gallery has-nested-images columns-default is-cropped wp-block-gallery-1 is-layout-flex wp-block-gallery-is-layout-flex\">\n<figure class=\"wp-block-image size-large is-style-default\"><a href=\"http:\/\/www.athajos.com\/index.php\/servicios\/\" target=\"_blank\" rel=\"noreferrer noopener\"><img loading=\"lazy\" decoding=\"async\" width=\"1024\" height=\"576\" src=\"https:\/\/www.athajos.com\/\/wp-content\/uploads\/2022\/07\/WhatsApp-Image-2022-07-15-at-11.20.34-PM-1024x576.jpeg\" alt=\"\" class=\"wp-image-522\" srcset=\"https:\/\/www.athajos.com\/\/wp-content\/uploads\/2022\/07\/WhatsApp-Image-2022-07-15-at-11.20.34-PM-1024x576.jpeg 1024w, https:\/\/www.athajos.com\/\/wp-content\/uploads\/2022\/07\/WhatsApp-Image-2022-07-15-at-11.20.34-PM-300x169.jpeg 300w, https:\/\/www.athajos.com\/\/wp-content\/uploads\/2022\/07\/WhatsApp-Image-2022-07-15-at-11.20.34-PM-768x432.jpeg 768w, https:\/\/www.athajos.com\/\/wp-content\/uploads\/2022\/07\/WhatsApp-Image-2022-07-15-at-11.20.34-PM.jpeg 1040w\" sizes=\"(max-width: 1024px) 100vw, 1024px\" \/><\/a><\/figure>\n<\/figure>\n\n\n\n<p class=\"has-text-align-center has-primary-background-color has-background\"><strong><a href=\"http:\/\/www.athajos.com\/index.php\/talleres-artisticos\/\" target=\"_blank\" rel=\"noreferrer noopener\">TALLERES ART\u00cdSTICOS<\/a><\/strong><\/p>\n\n\n\n<p><\/p>\n\n\n\n<figure class=\"wp-block-gallery has-nested-images columns-default is-cropped wp-block-gallery-2 is-layout-flex wp-block-gallery-is-layout-flex\">\n<figure class=\"wp-block-image size-large\"><img loading=\"lazy\" decoding=\"async\" width=\"1024\" height=\"576\" src=\"https:\/\/www.athajos.com\/\/wp-content\/uploads\/2022\/07\/WhatsApp-Image-2022-07-15-at-11.14.25-PM-1024x576.jpeg\" alt=\"\" class=\"wp-image-508\" srcset=\"https:\/\/www.athajos.com\/\/wp-content\/uploads\/2022\/07\/WhatsApp-Image-2022-07-15-at-11.14.25-PM-1024x576.jpeg 1024w, https:\/\/www.athajos.com\/\/wp-content\/uploads\/2022\/07\/WhatsApp-Image-2022-07-15-at-11.14.25-PM-300x169.jpeg 300w, https:\/\/www.athajos.com\/\/wp-content\/uploads\/2022\/07\/WhatsApp-Image-2022-07-15-at-11.14.25-PM-768x432.jpeg 768w, https:\/\/www.athajos.com\/\/wp-content\/uploads\/2022\/07\/WhatsApp-Image-2022-07-15-at-11.14.25-PM.jpeg 1080w\" sizes=\"(max-width: 1024px) 100vw, 1024px\" \/><\/figure>\n<\/figure>\n<\/div>\n<\/div>\n\n\n\n<p><\/p>\n","protected":false},"excerpt":{"rendered":"<p>NOSOTROS Athajos Escuela de Vida Somos una empresa que promueve la salud mental a nivel individual, Familiar, comunitario y social, guiados por principios, valores de solidaridad y equidad. Contamos con un equipo humano de profesionales formados en diferentes disciplinas especializados para mejorar la calidad de vida, el desarrollo y el crecimiento humano con vocaci\u00f3n y [&hellip;]<\/p>\n","protected":false},"author":1,"featured_media":0,"parent":0,"menu_order":0,"comment_status":"closed","ping_status":"closed","template":"","meta":{"footnotes":"","_joinchat":[]},"yoast_head":"<!-- This site is optimized with the Yoast SEO plugin v21.7 - https:\/\/yoast.com\/wordpress\/plugins\/seo\/ -->\n<title>NOSOTROS - ATHAJOS<\/title>\n<meta name=\"robots\" content=\"index, follow, max-snippet:-1, max-image-preview:large, max-video-preview:-1\" \/>\n<link rel=\"canonical\" href=\"https:\/\/www.athajos.com\/index.php\/nosotros\/\" \/>\n<meta property=\"og:locale\" content=\"es_ES\" \/>\n<meta property=\"og:type\" content=\"article\" \/>\n<meta property=\"og:title\" content=\"NOSOTROS - ATHAJOS\" \/>\n<meta property=\"og:description\" content=\"NOSOTROS Athajos Escuela de Vida Somos una empresa que promueve la salud mental a nivel individual, Familiar, comunitario y social, guiados por principios, valores de solidaridad y equidad. Contamos con un equipo humano de profesionales formados en diferentes disciplinas especializados para mejorar la calidad de vida, el desarrollo y el crecimiento humano con vocaci\u00f3n y [&hellip;]\" \/>\n<meta property=\"og:url\" content=\"https:\/\/www.athajos.com\/index.php\/nosotros\/\" \/>\n<meta property=\"og:site_name\" content=\"ATHAJOS\" \/>\n<meta property=\"article:modified_time\" content=\"2023-03-30T18:00:58+00:00\" \/>\n<meta property=\"og:image\" content=\"http:\/\/www.athajosescueladevida.com\/wp-content\/uploads\/2022\/07\/WhatsApp.svg_.webp\" \/>\n<meta name=\"twitter:card\" content=\"summary_large_image\" \/>\n<meta name=\"twitter:label1\" content=\"Est. reading time\" \/>\n\t<meta name=\"twitter:data1\" content=\"3 minutos\" \/>\n<script type=\"application\/ld+json\" class=\"yoast-schema-graph\">{\"@context\":\"https:\/\/schema.org\",\"@graph\":[{\"@type\":\"WebPage\",\"@id\":\"https:\/\/www.athajos.com\/index.php\/nosotros\/\",\"url\":\"https:\/\/www.athajos.com\/index.php\/nosotros\/\",\"name\":\"NOSOTROS - ATHAJOS\",\"isPartOf\":{\"@id\":\"https:\/\/www.athajos.com\/#website\"},\"datePublished\":\"2022-03-30T05:16:11+00:00\",\"dateModified\":\"2023-03-30T18:00:58+00:00\",\"breadcrumb\":{\"@id\":\"https:\/\/www.athajos.com\/index.php\/nosotros\/#breadcrumb\"},\"inLanguage\":\"es-PE\",\"potentialAction\":[{\"@type\":\"ReadAction\",\"target\":[\"https:\/\/www.athajos.com\/index.php\/nosotros\/\"]}]},{\"@type\":\"BreadcrumbList\",\"@id\":\"https:\/\/www.athajos.com\/index.php\/nosotros\/#breadcrumb\",\"itemListElement\":[{\"@type\":\"ListItem\",\"position\":1,\"name\":\"Portada\",\"item\":\"https:\/\/www.athajos.com\/\"},{\"@type\":\"ListItem\",\"position\":2,\"name\":\"NOSOTROS\"}]},{\"@type\":\"WebSite\",\"@id\":\"https:\/\/www.athajos.com\/#website\",\"url\":\"https:\/\/www.athajos.com\/\",\"name\":\"ATHAJOS\",\"description\":\"\",\"publisher\":{\"@id\":\"https:\/\/www.athajos.com\/#organization\"},\"potentialAction\":[{\"@type\":\"SearchAction\",\"target\":{\"@type\":\"EntryPoint\",\"urlTemplate\":\"https:\/\/www.athajos.com\/?s={search_term_string}\"},\"query-input\":\"required name=search_term_string\"}],\"inLanguage\":\"es-PE\"},{\"@type\":\"Organization\",\"@id\":\"https:\/\/www.athajos.com\/#organization\",\"name\":\"ATHAJOS\",\"url\":\"https:\/\/www.athajos.com\/\",\"logo\":{\"@type\":\"ImageObject\",\"inLanguage\":\"es-PE\",\"@id\":\"https:\/\/www.athajos.com\/#\/schema\/logo\/image\/\",\"url\":\"https:\/\/www.athajos.com\/\/wp-content\/uploads\/2023\/03\/cropped-Untitled-design-1.png\",\"contentUrl\":\"https:\/\/www.athajos.com\/\/wp-content\/uploads\/2023\/03\/cropped-Untitled-design-1.png\",\"width\":1282,\"height\":601,\"caption\":\"ATHAJOS\"},\"image\":{\"@id\":\"https:\/\/www.athajos.com\/#\/schema\/logo\/image\/\"}}]}<\/script>\n<!-- \/ Yoast SEO plugin. -->","yoast_head_json":{"title":"NOSOTROS - ATHAJOS","robots":{"index":"index","follow":"follow","max-snippet":"max-snippet:-1","max-image-preview":"max-image-preview:large","max-video-preview":"max-video-preview:-1"},"canonical":"https:\/\/www.athajos.com\/index.php\/nosotros\/","og_locale":"es_ES","og_type":"article","og_title":"NOSOTROS - ATHAJOS","og_description":"NOSOTROS Athajos Escuela de Vida Somos una empresa que promueve la salud mental a nivel individual, Familiar, comunitario y social, guiados por principios, valores de solidaridad y equidad. Contamos con un equipo humano de profesionales formados en diferentes disciplinas especializados para mejorar la calidad de vida, el desarrollo y el crecimiento humano con vocaci\u00f3n y [&hellip;]","og_url":"https:\/\/www.athajos.com\/index.php\/nosotros\/","og_site_name":"ATHAJOS","article_modified_time":"2023-03-30T18:00:58+00:00","og_image":[{"url":"http:\/\/www.athajosescueladevida.com\/wp-content\/uploads\/2022\/07\/WhatsApp.svg_.webp"}],"twitter_card":"summary_large_image","twitter_misc":{"Est. reading time":"3 minutos"},"schema":{"@context":"https:\/\/schema.org","@graph":[{"@type":"WebPage","@id":"https:\/\/www.athajos.com\/index.php\/nosotros\/","url":"https:\/\/www.athajos.com\/index.php\/nosotros\/","name":"NOSOTROS - ATHAJOS","isPartOf":{"@id":"https:\/\/www.athajos.com\/#website"},"datePublished":"2022-03-30T05:16:11+00:00","dateModified":"2023-03-30T18:00:58+00:00","breadcrumb":{"@id":"https:\/\/www.athajos.com\/index.php\/nosotros\/#breadcrumb"},"inLanguage":"es-PE","potentialAction":[{"@type":"ReadAction","target":["https:\/\/www.athajos.com\/index.php\/nosotros\/"]}]},{"@type":"BreadcrumbList","@id":"https:\/\/www.athajos.com\/index.php\/nosotros\/#breadcrumb","itemListElement":[{"@type":"ListItem","position":1,"name":"Portada","item":"https:\/\/www.athajos.com\/"},{"@type":"ListItem","position":2,"name":"NOSOTROS"}]},{"@type":"WebSite","@id":"https:\/\/www.athajos.com\/#website","url":"https:\/\/www.athajos.com\/","name":"ATHAJOS","description":"","publisher":{"@id":"https:\/\/www.athajos.com\/#organization"},"potentialAction":[{"@type":"SearchAction","target":{"@type":"EntryPoint","urlTemplate":"https:\/\/www.athajos.com\/?s={search_term_string}"},"query-input":"required name=search_term_string"}],"inLanguage":"es-PE"},{"@type":"Organization","@id":"https:\/\/www.athajos.com\/#organization","name":"ATHAJOS","url":"https:\/\/www.athajos.com\/","logo":{"@type":"ImageObject","inLanguage":"es-PE","@id":"https:\/\/www.athajos.com\/#\/schema\/logo\/image\/","url":"https:\/\/www.athajos.com\/\/wp-content\/uploads\/2023\/03\/cropped-Untitled-design-1.png","contentUrl":"https:\/\/www.athajos.com\/\/wp-content\/uploads\/2023\/03\/cropped-Untitled-design-1.png","width":1282,"height":601,"caption":"ATHAJOS"},"image":{"@id":"https:\/\/www.athajos.com\/#\/schema\/logo\/image\/"}}]}},"_links":{"self":[{"href":"https:\/\/www.athajos.com\/index.php\/wp-json\/wp\/v2\/pages\/19"}],"collection":[{"href":"https:\/\/www.athajos.com\/index.php\/wp-json\/wp\/v2\/pages"}],"about":[{"href":"https:\/\/www.athajos.com\/index.php\/wp-json\/wp\/v2\/types\/page"}],"author":[{"embeddable":true,"href":"https:\/\/www.athajos.com\/index.php\/wp-json\/wp\/v2\/users\/1"}],"replies":[{"embeddable":true,"href":"https:\/\/www.athajos.com\/index.php\/wp-json\/wp\/v2\/comments?post=19"}],"version-history":[{"count":14,"href":"https:\/\/www.athajos.com\/index.php\/wp-json\/wp\/v2\/pages\/19\/revisions"}],"predecessor-version":[{"id":1048,"href":"https:\/\/www.athajos.com\/index.php\/wp-json\/wp\/v2\/pages\/19\/revisions\/1048"}],"wp:attachment":[{"href":"https:\/\/www.athajos.com\/index.php\/wp-json\/wp\/v2\/media?parent=19"}],"curies":[{"name":"wp","href":"https:\/\/api.w.org\/{rel}","templated":true}]}}