{"id":673,"date":"2022-08-09T20:14:50","date_gmt":"2022-08-10T01:14:50","guid":{"rendered":"http:\/\/www.athajosescueladevida.com\/?page_id=673"},"modified":"2022-08-22T00:54:25","modified_gmt":"2022-08-22T05:54:25","slug":"talleres-psicologicos-c","status":"publish","type":"page","link":"https:\/\/www.athajos.com\/index.php\/talleres-psicologicos-c\/","title":{"rendered":"SERVICIOS PSICOL\u00d3GICOS C"},"content":{"rendered":"\n<div class=\"wp-block-columns alignfull has-background-color has-text-color has-background is-layout-flex wp-container-core-columns-layout-1 wp-block-columns-is-layout-flex\" style=\"background:linear-gradient(135deg,rgb(255,245,203) 0%,rgb(182,227,212) 14%,rgb(51,167,181) 31%)\">\n<div class=\"wp-block-column is-vertically-aligned-top is-layout-flow wp-block-column-is-layout-flow\">\n<div class=\"wp-block-group is-layout-flow wp-block-group-is-layout-flow\"><div class=\"wp-block-group__inner-container\">\n<h2 class=\"alignwide has-text-align-center wp-block-heading\">SERVICIOS PSICOL\u00d3GICOS<\/h2>\n<\/div><\/div>\n<\/div>\n<\/div>\n\n\n\n<div class=\"wp-block-columns alignwide is-layout-flex wp-container-core-columns-layout-2 wp-block-columns-is-layout-flex\">\n<div class=\"wp-block-column is-layout-flow wp-block-column-is-layout-flow\" style=\"flex-basis:66.66%\">\n<figure class=\"wp-block-image size-full\"><img loading=\"lazy\" decoding=\"async\" width=\"750\" height=\"409\" src=\"http:\/\/www.athajosescueladevida.com\/wp-content\/uploads\/2022\/04\/adulto_mayor_pueblo_libre_Ruiz_psicologia.jpg\" alt=\"\" class=\"wp-image-199\" srcset=\"https:\/\/www.athajos.com\/\/wp-content\/uploads\/2022\/04\/adulto_mayor_pueblo_libre_Ruiz_psicologia.jpg 750w, https:\/\/www.athajos.com\/\/wp-content\/uploads\/2022\/04\/adulto_mayor_pueblo_libre_Ruiz_psicologia-300x164.jpg 300w\" sizes=\"(max-width: 750px) 100vw, 750px\" \/><\/figure>\n\n\n\n<p>Los talleres psicol\u00f3gicos tienen como fin propiciar un espacio de encuentro para la reflexi\u00f3n, donde las personas que lo deseen puedan participar y a partir del cual,<br>probablemente puedan incorporar alg\u00fan \u201cdarse cuenta\u201d que les sea \u00fatil en sus<br>v\u00ednculos cotidianos. <\/p>\n\n\n\n<p>Los temas que tratamos en los talleres psicol\u00f3gicos, son aquellos que tienen tanta importancia en nuestra vida en general y en las situaciones de interacci\u00f3n en particular: espacios propios, espacios compartidos, comunicaci\u00f3n-incomunicaci\u00f3n, buenos y malos tratos, pensamiento y emoci\u00f3n, enojo que destruye y enojo que construye, tristeza y dolor, actitudes amorosas. \u00bfQu\u00e9 pasa con nuestro stress? y c\u00f3mo nos influye en el momento del contacto con el otro?<\/p>\n\n\n\n<p>En los talleres psicol\u00f3gicos, nos inquieta y nos estimula la b\u00fasqueda de una mirada positiva para intentar el cambio. Aspiramos que, a lo largo del taller, los participantes puedan conectarse despojados de preconceptos y poder articular as\u00ed su experiencia vital con el tema de cada encuentro.<\/p>\n\n\n\n<div class=\"wp-block-media-text alignwide\" style=\"grid-template-columns:20% auto\"><figure class=\"wp-block-media-text__media\"><a href=\"https:\/\/api.whatsapp.com\/send?phone=975581850&amp;text=Quiero%20saber%20m%C3%A1s...\"><img loading=\"lazy\" decoding=\"async\" width=\"479\" height=\"482\" src=\"http:\/\/www.athajosescueladevida.com\/wp-content\/uploads\/2022\/07\/WhatsApp.svg_.webp\" alt=\"\" class=\"wp-image-540 size-full\" srcset=\"https:\/\/www.athajos.com\/\/wp-content\/uploads\/2022\/07\/WhatsApp.svg_.webp 479w, https:\/\/www.athajos.com\/\/wp-content\/uploads\/2022\/07\/WhatsApp.svg_-298x300.webp 298w, https:\/\/www.athajos.com\/\/wp-content\/uploads\/2022\/07\/WhatsApp.svg_-150x150.webp 150w\" sizes=\"(max-width: 479px) 100vw, 479px\" \/><\/a><\/figure><div class=\"wp-block-media-text__content\">\n<p><strong>\u00bfQuieres saber mas de nuestros cursos?<\/strong><\/p>\n\n\n\n<p><strong>Env\u00edanos un mensaje al WhatsApp <a href=\"https:\/\/api.whatsapp.com\/send?phone=975581850&amp;text=Quiero%20saber%20m%C3%A1s...\">975581850<\/a><\/strong><\/p>\n<\/div><\/div>\n<\/div>\n\n\n\n<div class=\"wp-block-column has-primary-color has-pale-ocean-gradient-background has-text-color has-background is-layout-flow wp-block-column-is-layout-flow\">\n<p><\/p>\n\n\n\n<div class=\"wp-block-buttons is-content-justification-center is-layout-flex wp-container-core-buttons-layout-1 wp-block-buttons-is-layout-flex\">\n<div class=\"wp-block-button is-style-fill\"><a class=\"wp-block-button__link has-secondary-background-color has-background\" style=\"border-radius:15px\">MAS TALLERES PARA TI:<\/a><\/div>\n<\/div>\n\n\n\n<p><\/p>\n\n\n\n<p class=\"has-text-align-center has-primary-background-color has-background has-normal-font-size\" style=\"font-style:normal;font-weight:900\"><strong><a href=\"http:\/\/www.athajosescueladevida.com\/index.php\/escuela-para-padres\/\" target=\"_blank\" rel=\"noreferrer noopener\">ESCUELA PARA PADRES<\/a><\/strong><\/p>\n\n\n\n<figure class=\"wp-block-image size-full is-style-default\"><a href=\"http:\/\/www.athajosescueladevida.com\/index.php\/escuela-para-padres\/\" target=\"_blank\" rel=\"noreferrer noopener\"><img loading=\"lazy\" decoding=\"async\" width=\"960\" height=\"539\" src=\"http:\/\/www.athajosescueladevida.com\/wp-content\/uploads\/2022\/07\/WhatsApp-Image-2022-07-15-at-11.18.23-PM-edited-1.jpeg\" alt=\"\" class=\"wp-image-521\" srcset=\"https:\/\/www.athajos.com\/\/wp-content\/uploads\/2022\/07\/WhatsApp-Image-2022-07-15-at-11.18.23-PM-edited-1.jpeg 960w, https:\/\/www.athajos.com\/\/wp-content\/uploads\/2022\/07\/WhatsApp-Image-2022-07-15-at-11.18.23-PM-edited-1-300x168.jpeg 300w, https:\/\/www.athajos.com\/\/wp-content\/uploads\/2022\/07\/WhatsApp-Image-2022-07-15-at-11.18.23-PM-edited-1-768x431.jpeg 768w\" sizes=\"(max-width: 960px) 100vw, 960px\" \/><\/a><figcaption>Mediante el dialogo intentamos poner en com\u00fan diferentes puntos de vistas sobre temas educativos.<\/figcaption><\/figure>\n\n\n\n<p class=\"has-text-align-center has-primary-background-color has-background\"><strong><a href=\"https:\/\/www.youtube.com\/watch?v=PCodrYaM9V8&amp;ab_channel=ATHAJOSEscueladeVida\" target=\"_blank\" rel=\"noreferrer noopener\">LA DISCIPLINA DESDE LA GESTI\u00d3N DE APRENDIZAJES EXITOSOS<\/a><\/strong><\/p>\n\n\n\n<figure class=\"wp-block-embed is-type-video is-provider-youtube wp-block-embed-youtube wp-embed-aspect-4-3 wp-has-aspect-ratio\"><div class=\"wp-block-embed__wrapper\">\n<iframe loading=\"lazy\" title=\"El Enfoque de la Disciplina desde la Gesti\u00f3n de Aprendizajes Exitosos y Resilientes.\" width=\"580\" height=\"435\" src=\"https:\/\/www.youtube.com\/embed\/PCodrYaM9V8?feature=oembed\" frameborder=\"0\" allow=\"accelerometer; autoplay; clipboard-write; encrypted-media; gyroscope; picture-in-picture\" allowfullscreen><\/iframe>\n<\/div><\/figure>\n<\/div>\n<\/div>\n","protected":false},"excerpt":{"rendered":"<p>SERVICIOS PSICOL\u00d3GICOS Los talleres psicol\u00f3gicos tienen como fin propiciar un espacio de encuentro para la reflexi\u00f3n, donde las personas que lo deseen puedan participar y a partir del cual,probablemente puedan incorporar alg\u00fan \u201cdarse cuenta\u201d que les sea \u00fatil en susv\u00ednculos cotidianos. Los temas que tratamos en los talleres psicol\u00f3gicos, son aquellos que tienen tanta importancia [&hellip;]<\/p>\n","protected":false},"author":1,"featured_media":0,"parent":0,"menu_order":0,"comment_status":"closed","ping_status":"closed","template":"","meta":{"footnotes":"","_joinchat":[]},"yoast_head":"<!-- This site is optimized with the Yoast SEO plugin v21.7 - https:\/\/yoast.com\/wordpress\/plugins\/seo\/ -->\n<title>SERVICIOS PSICOL\u00d3GICOS C - ATHAJOS<\/title>\n<meta name=\"robots\" content=\"index, follow, max-snippet:-1, max-image-preview:large, max-video-preview:-1\" \/>\n<link rel=\"canonical\" href=\"https:\/\/www.athajos.com\/index.php\/talleres-psicologicos-c\/\" \/>\n<meta property=\"og:locale\" content=\"es_ES\" \/>\n<meta property=\"og:type\" content=\"article\" \/>\n<meta property=\"og:title\" content=\"SERVICIOS PSICOL\u00d3GICOS C - ATHAJOS\" \/>\n<meta property=\"og:description\" content=\"SERVICIOS PSICOL\u00d3GICOS Los talleres psicol\u00f3gicos tienen como fin propiciar un espacio de encuentro para la reflexi\u00f3n, donde las personas que lo deseen puedan participar y a partir del cual,probablemente puedan incorporar alg\u00fan \u201cdarse cuenta\u201d que les sea \u00fatil en susv\u00ednculos cotidianos. Los temas que tratamos en los talleres psicol\u00f3gicos, son aquellos que tienen tanta importancia [&hellip;]\" \/>\n<meta property=\"og:url\" content=\"https:\/\/www.athajos.com\/index.php\/talleres-psicologicos-c\/\" \/>\n<meta property=\"og:site_name\" content=\"ATHAJOS\" \/>\n<meta property=\"article:modified_time\" content=\"2022-08-22T05:54:25+00:00\" \/>\n<meta property=\"og:image\" content=\"http:\/\/www.athajosescueladevida.com\/wp-content\/uploads\/2022\/04\/adulto_mayor_pueblo_libre_Ruiz_psicologia.jpg\" \/>\n<meta name=\"twitter:card\" content=\"summary_large_image\" \/>\n<meta name=\"twitter:label1\" content=\"Est. reading time\" \/>\n\t<meta name=\"twitter:data1\" content=\"2 minutos\" \/>\n<script type=\"application\/ld+json\" class=\"yoast-schema-graph\">{\"@context\":\"https:\/\/schema.org\",\"@graph\":[{\"@type\":\"WebPage\",\"@id\":\"https:\/\/www.athajos.com\/index.php\/talleres-psicologicos-c\/\",\"url\":\"https:\/\/www.athajos.com\/index.php\/talleres-psicologicos-c\/\",\"name\":\"SERVICIOS PSICOL\u00d3GICOS C - ATHAJOS\",\"isPartOf\":{\"@id\":\"https:\/\/www.athajos.com\/#website\"},\"datePublished\":\"2022-08-10T01:14:50+00:00\",\"dateModified\":\"2022-08-22T05:54:25+00:00\",\"breadcrumb\":{\"@id\":\"https:\/\/www.athajos.com\/index.php\/talleres-psicologicos-c\/#breadcrumb\"},\"inLanguage\":\"es-PE\",\"potentialAction\":[{\"@type\":\"ReadAction\",\"target\":[\"https:\/\/www.athajos.com\/index.php\/talleres-psicologicos-c\/\"]}]},{\"@type\":\"BreadcrumbList\",\"@id\":\"https:\/\/www.athajos.com\/index.php\/talleres-psicologicos-c\/#breadcrumb\",\"itemListElement\":[{\"@type\":\"ListItem\",\"position\":1,\"name\":\"Portada\",\"item\":\"https:\/\/www.athajos.com\/\"},{\"@type\":\"ListItem\",\"position\":2,\"name\":\"SERVICIOS PSICOL\u00d3GICOS C\"}]},{\"@type\":\"WebSite\",\"@id\":\"https:\/\/www.athajos.com\/#website\",\"url\":\"https:\/\/www.athajos.com\/\",\"name\":\"ATHAJOS\",\"description\":\"\",\"publisher\":{\"@id\":\"https:\/\/www.athajos.com\/#organization\"},\"potentialAction\":[{\"@type\":\"SearchAction\",\"target\":{\"@type\":\"EntryPoint\",\"urlTemplate\":\"https:\/\/www.athajos.com\/?s={search_term_string}\"},\"query-input\":\"required name=search_term_string\"}],\"inLanguage\":\"es-PE\"},{\"@type\":\"Organization\",\"@id\":\"https:\/\/www.athajos.com\/#organization\",\"name\":\"ATHAJOS\",\"url\":\"https:\/\/www.athajos.com\/\",\"logo\":{\"@type\":\"ImageObject\",\"inLanguage\":\"es-PE\",\"@id\":\"https:\/\/www.athajos.com\/#\/schema\/logo\/image\/\",\"url\":\"https:\/\/www.athajos.com\/\/wp-content\/uploads\/2023\/03\/cropped-Untitled-design-1.png\",\"contentUrl\":\"https:\/\/www.athajos.com\/\/wp-content\/uploads\/2023\/03\/cropped-Untitled-design-1.png\",\"width\":1282,\"height\":601,\"caption\":\"ATHAJOS\"},\"image\":{\"@id\":\"https:\/\/www.athajos.com\/#\/schema\/logo\/image\/\"}}]}<\/script>\n<!-- \/ Yoast SEO plugin. -->","yoast_head_json":{"title":"SERVICIOS PSICOL\u00d3GICOS C - ATHAJOS","robots":{"index":"index","follow":"follow","max-snippet":"max-snippet:-1","max-image-preview":"max-image-preview:large","max-video-preview":"max-video-preview:-1"},"canonical":"https:\/\/www.athajos.com\/index.php\/talleres-psicologicos-c\/","og_locale":"es_ES","og_type":"article","og_title":"SERVICIOS PSICOL\u00d3GICOS C - ATHAJOS","og_description":"SERVICIOS PSICOL\u00d3GICOS Los talleres psicol\u00f3gicos tienen como fin propiciar un espacio de encuentro para la reflexi\u00f3n, donde las personas que lo deseen puedan participar y a partir del cual,probablemente puedan incorporar alg\u00fan \u201cdarse cuenta\u201d que les sea \u00fatil en susv\u00ednculos cotidianos. Los temas que tratamos en los talleres psicol\u00f3gicos, son aquellos que tienen tanta importancia [&hellip;]","og_url":"https:\/\/www.athajos.com\/index.php\/talleres-psicologicos-c\/","og_site_name":"ATHAJOS","article_modified_time":"2022-08-22T05:54:25+00:00","og_image":[{"url":"http:\/\/www.athajosescueladevida.com\/wp-content\/uploads\/2022\/04\/adulto_mayor_pueblo_libre_Ruiz_psicologia.jpg"}],"twitter_card":"summary_large_image","twitter_misc":{"Est. reading time":"2 minutos"},"schema":{"@context":"https:\/\/schema.org","@graph":[{"@type":"WebPage","@id":"https:\/\/www.athajos.com\/index.php\/talleres-psicologicos-c\/","url":"https:\/\/www.athajos.com\/index.php\/talleres-psicologicos-c\/","name":"SERVICIOS PSICOL\u00d3GICOS C - ATHAJOS","isPartOf":{"@id":"https:\/\/www.athajos.com\/#website"},"datePublished":"2022-08-10T01:14:50+00:00","dateModified":"2022-08-22T05:54:25+00:00","breadcrumb":{"@id":"https:\/\/www.athajos.com\/index.php\/talleres-psicologicos-c\/#breadcrumb"},"inLanguage":"es-PE","potentialAction":[{"@type":"ReadAction","target":["https:\/\/www.athajos.com\/index.php\/talleres-psicologicos-c\/"]}]},{"@type":"BreadcrumbList","@id":"https:\/\/www.athajos.com\/index.php\/talleres-psicologicos-c\/#breadcrumb","itemListElement":[{"@type":"ListItem","position":1,"name":"Portada","item":"https:\/\/www.athajos.com\/"},{"@type":"ListItem","position":2,"name":"SERVICIOS PSICOL\u00d3GICOS C"}]},{"@type":"WebSite","@id":"https:\/\/www.athajos.com\/#website","url":"https:\/\/www.athajos.com\/","name":"ATHAJOS","description":"","publisher":{"@id":"https:\/\/www.athajos.com\/#organization"},"potentialAction":[{"@type":"SearchAction","target":{"@type":"EntryPoint","urlTemplate":"https:\/\/www.athajos.com\/?s={search_term_string}"},"query-input":"required name=search_term_string"}],"inLanguage":"es-PE"},{"@type":"Organization","@id":"https:\/\/www.athajos.com\/#organization","name":"ATHAJOS","url":"https:\/\/www.athajos.com\/","logo":{"@type":"ImageObject","inLanguage":"es-PE","@id":"https:\/\/www.athajos.com\/#\/schema\/logo\/image\/","url":"https:\/\/www.athajos.com\/\/wp-content\/uploads\/2023\/03\/cropped-Untitled-design-1.png","contentUrl":"https:\/\/www.athajos.com\/\/wp-content\/uploads\/2023\/03\/cropped-Untitled-design-1.png","width":1282,"height":601,"caption":"ATHAJOS"},"image":{"@id":"https:\/\/www.athajos.com\/#\/schema\/logo\/image\/"}}]}},"_links":{"self":[{"href":"https:\/\/www.athajos.com\/index.php\/wp-json\/wp\/v2\/pages\/673"}],"collection":[{"href":"https:\/\/www.athajos.com\/index.php\/wp-json\/wp\/v2\/pages"}],"about":[{"href":"https:\/\/www.athajos.com\/index.php\/wp-json\/wp\/v2\/types\/page"}],"author":[{"embeddable":true,"href":"https:\/\/www.athajos.com\/index.php\/wp-json\/wp\/v2\/users\/1"}],"replies":[{"embeddable":true,"href":"https:\/\/www.athajos.com\/index.php\/wp-json\/wp\/v2\/comments?post=673"}],"version-history":[{"count":7,"href":"https:\/\/www.athajos.com\/index.php\/wp-json\/wp\/v2\/pages\/673\/revisions"}],"predecessor-version":[{"id":948,"href":"https:\/\/www.athajos.com\/index.php\/wp-json\/wp\/v2\/pages\/673\/revisions\/948"}],"wp:attachment":[{"href":"https:\/\/www.athajos.com\/index.php\/wp-json\/wp\/v2\/media?parent=673"}],"curies":[{"name":"wp","href":"https:\/\/api.w.org\/{rel}","templated":true}]}}