{"id":730,"date":"2022-08-12T21:42:27","date_gmt":"2022-08-13T02:42:27","guid":{"rendered":"http:\/\/www.athajosescueladevida.com\/?page_id=730"},"modified":"2022-08-12T21:42:29","modified_gmt":"2022-08-13T02:42:29","slug":"baile-moderno","status":"publish","type":"page","link":"https:\/\/www.athajos.com\/index.php\/baile-moderno\/","title":{"rendered":"BAILE MODERNO"},"content":{"rendered":"\n<div class=\"wp-block-columns alignfull has-background-color has-text-color has-background is-layout-flex wp-container-core-columns-layout-1 wp-block-columns-is-layout-flex\" style=\"background:linear-gradient(135deg,rgb(255,245,203) 0%,rgb(182,227,212) 14%,rgb(51,167,181) 31%)\">\n<div class=\"wp-block-column is-vertically-aligned-top is-layout-flow wp-block-column-is-layout-flow\">\n<div class=\"wp-block-group is-layout-flow wp-block-group-is-layout-flow\"><div class=\"wp-block-group__inner-container\">\n<h2 class=\"alignwide has-text-align-center wp-block-heading\">BAILE MODERNO<\/h2>\n<\/div><\/div>\n<\/div>\n<\/div>\n\n\n\n<div class=\"wp-block-columns alignwide is-layout-flex wp-container-core-columns-layout-2 wp-block-columns-is-layout-flex\">\n<div class=\"wp-block-column is-layout-flow wp-block-column-is-layout-flow\" style=\"flex-basis:66.66%\">\n<figure class=\"wp-block-image alignfull size-large\"><img loading=\"lazy\" decoding=\"async\" width=\"1024\" height=\"576\" src=\"http:\/\/www.athajosescueladevida.com\/wp-content\/uploads\/2022\/06\/12419080_1210166245678370_6639936708585136692_o-1024x576.jpg\" alt=\"\" class=\"wp-image-352\" srcset=\"https:\/\/www.athajos.com\/\/wp-content\/uploads\/2022\/06\/12419080_1210166245678370_6639936708585136692_o-1024x576.jpg 1024w, https:\/\/www.athajos.com\/\/wp-content\/uploads\/2022\/06\/12419080_1210166245678370_6639936708585136692_o-300x169.jpg 300w, https:\/\/www.athajos.com\/\/wp-content\/uploads\/2022\/06\/12419080_1210166245678370_6639936708585136692_o-768x432.jpg 768w, https:\/\/www.athajos.com\/\/wp-content\/uploads\/2022\/06\/12419080_1210166245678370_6639936708585136692_o-1200x675.jpg 1200w, https:\/\/www.athajos.com\/\/wp-content\/uploads\/2022\/06\/12419080_1210166245678370_6639936708585136692_o.jpg 1224w\" sizes=\"(max-width: 1024px) 100vw, 1024px\" \/><figcaption>BAILE MODERNO<\/figcaption><\/figure>\n\n\n\n<p>Inicio de clases: Primera semana de cada mes.<\/p>\n\n\n\n<p>Modalidad: Disponible de forma virtual o presencial.<\/p>\n\n\n\n<p>Dirigido a: Adolescentes de 13 a 16 a\u00f1os.<\/p>\n\n\n\n<p>Sumilla: te ofrece clases coreogr\u00e1ficas de diversos ritmos actuales con estilo de movimientos r\u00e1pidos y energ\u00e9ticos caracter\u00edsticos de las danzas urbanas, aprender\u00e1s pasos con m\u00fasica pop, Locking, Hip Hop, House, Street Jazz, etc.<\/p>\n\n\n\n<p>Las coreograf\u00edas realizadas tienen una naturaleza similar a las de los videos musicales de artistas mas top.<\/p>\n\n\n\n<div class=\"wp-block-media-text alignwide is-stacked-on-mobile\" style=\"grid-template-columns:15% auto\"><figure class=\"wp-block-media-text__media\"><a href=\"https:\/\/api.whatsapp.com\/send?phone=975581850&amp;text=Quiero%20saber%20m%C3%A1s...\"><img loading=\"lazy\" decoding=\"async\" width=\"479\" height=\"482\" src=\"http:\/\/www.athajosescueladevida.com\/wp-content\/uploads\/2022\/07\/WhatsApp.svg_.webp\" alt=\"\" class=\"wp-image-540 size-full\" srcset=\"https:\/\/www.athajos.com\/\/wp-content\/uploads\/2022\/07\/WhatsApp.svg_.webp 479w, https:\/\/www.athajos.com\/\/wp-content\/uploads\/2022\/07\/WhatsApp.svg_-298x300.webp 298w, https:\/\/www.athajos.com\/\/wp-content\/uploads\/2022\/07\/WhatsApp.svg_-150x150.webp 150w\" sizes=\"(max-width: 479px) 100vw, 479px\" \/><\/a><\/figure><div class=\"wp-block-media-text__content\">\n<p><strong>\u00bfQuieres saber mas de nuestros cursos?<\/strong><\/p>\n\n\n\n<p><strong>Env\u00edanos un mensaje al WhatsApp <a href=\"https:\/\/api.whatsapp.com\/send?phone=975581850&amp;text=Quiero%20saber%20m%C3%A1s...\">975581850<\/a><\/strong><\/p>\n<\/div><\/div>\n<\/div>\n\n\n\n<div class=\"wp-block-column has-primary-color has-pale-ocean-gradient-background has-text-color has-background is-layout-flow wp-block-column-is-layout-flow\">\n<p><\/p>\n\n\n\n<div class=\"wp-block-buttons is-content-justification-center is-layout-flex wp-container-core-buttons-layout-1 wp-block-buttons-is-layout-flex\">\n<div class=\"wp-block-button is-style-fill\"><a class=\"wp-block-button__link has-secondary-background-color has-background\" style=\"border-radius:15px\">MAS TALLERES PARA TI:<\/a><\/div>\n<\/div>\n\n\n\n<p><\/p>\n\n\n\n<p class=\"has-text-align-center has-primary-background-color has-background has-normal-font-size\" style=\"font-style:normal;font-weight:900\"><strong><a href=\"http:\/\/www.athajosescueladevida.com\/index.php\/ballet\/\" target=\"_blank\" rel=\"noreferrer noopener\">BALLET<\/a><\/strong><\/p>\n\n\n\n<p><\/p>\n\n\n\n<figure class=\"wp-block-image size-large is-style-default\"><img loading=\"lazy\" decoding=\"async\" width=\"1024\" height=\"543\" src=\"http:\/\/www.athajosescueladevida.com\/wp-content\/uploads\/2022\/06\/P1210576-1210x642-1-1024x543.jpg\" alt=\"\" class=\"wp-image-355\" srcset=\"https:\/\/www.athajos.com\/\/wp-content\/uploads\/2022\/06\/P1210576-1210x642-1-1024x543.jpg 1024w, https:\/\/www.athajos.com\/\/wp-content\/uploads\/2022\/06\/P1210576-1210x642-1-300x159.jpg 300w, https:\/\/www.athajos.com\/\/wp-content\/uploads\/2022\/06\/P1210576-1210x642-1-768x407.jpg 768w, https:\/\/www.athajos.com\/\/wp-content\/uploads\/2022\/06\/P1210576-1210x642-1-1200x637.jpg 1200w, https:\/\/www.athajos.com\/\/wp-content\/uploads\/2022\/06\/P1210576-1210x642-1.jpg 1210w\" sizes=\"(max-width: 1024px) 100vw, 1024px\" \/><figcaption>El taller de ballet te ofrece una introducci\u00f3n din\u00e1mica y divertida a la danza cl\u00e1sica.<\/figcaption><\/figure>\n\n\n\n<p class=\"has-text-align-center has-primary-background-color has-background\"><strong><a href=\"https:\/\/www.youtube.com\/channel\/UC3CpvOQmyyFVsR72twF6gsw\" target=\"_blank\" rel=\"noreferrer noopener\">CANAL DE YOUTUBE &#8211; ATHAJOS<\/a><\/strong><\/p>\n\n\n\n<p><\/p>\n\n\n\n<figure class=\"wp-block-image size-large\"><a href=\"https:\/\/www.youtube.com\/channel\/UC3CpvOQmyyFVsR72twF6gsw\" target=\"_blank\" rel=\"noreferrer noopener\"><img loading=\"lazy\" decoding=\"async\" width=\"1024\" height=\"492\" src=\"http:\/\/www.athajosescueladevida.com\/wp-content\/uploads\/2022\/04\/logo-nuevo-athajos2-1024x492.jpg\" alt=\"\" class=\"wp-image-104\" srcset=\"https:\/\/www.athajos.com\/\/wp-content\/uploads\/2022\/04\/logo-nuevo-athajos2-1024x492.jpg 1024w, https:\/\/www.athajos.com\/\/wp-content\/uploads\/2022\/04\/logo-nuevo-athajos2-300x144.jpg 300w, https:\/\/www.athajos.com\/\/wp-content\/uploads\/2022\/04\/logo-nuevo-athajos2-768x369.jpg 768w, https:\/\/www.athajos.com\/\/wp-content\/uploads\/2022\/04\/logo-nuevo-athajos2.jpg 1227w\" sizes=\"(max-width: 1024px) 100vw, 1024px\" \/><\/a><figcaption>SUSCRIBETE A NUESTRO CANAL<\/figcaption><\/figure>\n<\/div>\n<\/div>\n","protected":false},"excerpt":{"rendered":"<p>BAILE MODERNO Inicio de clases: Primera semana de cada mes. Modalidad: Disponible de forma virtual o presencial. Dirigido a: Adolescentes de 13 a 16 a\u00f1os. Sumilla: te ofrece clases coreogr\u00e1ficas de diversos ritmos actuales con estilo de movimientos r\u00e1pidos y energ\u00e9ticos caracter\u00edsticos de las danzas urbanas, aprender\u00e1s pasos con m\u00fasica pop, Locking, Hip Hop, House, [&hellip;]<\/p>\n","protected":false},"author":1,"featured_media":0,"parent":0,"menu_order":0,"comment_status":"closed","ping_status":"closed","template":"","meta":{"footnotes":"","_joinchat":[]},"yoast_head":"<!-- This site is optimized with the Yoast SEO plugin v21.7 - https:\/\/yoast.com\/wordpress\/plugins\/seo\/ -->\n<title>BAILE MODERNO - ATHAJOS<\/title>\n<meta name=\"robots\" content=\"index, follow, max-snippet:-1, max-image-preview:large, max-video-preview:-1\" \/>\n<link rel=\"canonical\" href=\"https:\/\/www.athajos.com\/index.php\/baile-moderno\/\" \/>\n<meta property=\"og:locale\" content=\"es_ES\" \/>\n<meta property=\"og:type\" content=\"article\" \/>\n<meta property=\"og:title\" content=\"BAILE MODERNO - ATHAJOS\" \/>\n<meta property=\"og:description\" content=\"BAILE MODERNO Inicio de clases: Primera semana de cada mes. Modalidad: Disponible de forma virtual o presencial. Dirigido a: Adolescentes de 13 a 16 a\u00f1os. Sumilla: te ofrece clases coreogr\u00e1ficas de diversos ritmos actuales con estilo de movimientos r\u00e1pidos y energ\u00e9ticos caracter\u00edsticos de las danzas urbanas, aprender\u00e1s pasos con m\u00fasica pop, Locking, Hip Hop, House, [&hellip;]\" \/>\n<meta property=\"og:url\" content=\"https:\/\/www.athajos.com\/index.php\/baile-moderno\/\" \/>\n<meta property=\"og:site_name\" content=\"ATHAJOS\" \/>\n<meta property=\"article:modified_time\" content=\"2022-08-13T02:42:29+00:00\" \/>\n<meta property=\"og:image\" content=\"http:\/\/www.athajosescueladevida.com\/wp-content\/uploads\/2022\/06\/12419080_1210166245678370_6639936708585136692_o-1024x576.jpg\" \/>\n<meta name=\"twitter:card\" content=\"summary_large_image\" \/>\n<meta name=\"twitter:label1\" content=\"Est. reading time\" \/>\n\t<meta name=\"twitter:data1\" content=\"2 minutos\" \/>\n<script type=\"application\/ld+json\" class=\"yoast-schema-graph\">{\"@context\":\"https:\/\/schema.org\",\"@graph\":[{\"@type\":\"WebPage\",\"@id\":\"https:\/\/www.athajos.com\/index.php\/baile-moderno\/\",\"url\":\"https:\/\/www.athajos.com\/index.php\/baile-moderno\/\",\"name\":\"BAILE MODERNO - ATHAJOS\",\"isPartOf\":{\"@id\":\"https:\/\/www.athajos.com\/#website\"},\"datePublished\":\"2022-08-13T02:42:27+00:00\",\"dateModified\":\"2022-08-13T02:42:29+00:00\",\"breadcrumb\":{\"@id\":\"https:\/\/www.athajos.com\/index.php\/baile-moderno\/#breadcrumb\"},\"inLanguage\":\"es-PE\",\"potentialAction\":[{\"@type\":\"ReadAction\",\"target\":[\"https:\/\/www.athajos.com\/index.php\/baile-moderno\/\"]}]},{\"@type\":\"BreadcrumbList\",\"@id\":\"https:\/\/www.athajos.com\/index.php\/baile-moderno\/#breadcrumb\",\"itemListElement\":[{\"@type\":\"ListItem\",\"position\":1,\"name\":\"Portada\",\"item\":\"https:\/\/www.athajos.com\/\"},{\"@type\":\"ListItem\",\"position\":2,\"name\":\"BAILE MODERNO\"}]},{\"@type\":\"WebSite\",\"@id\":\"https:\/\/www.athajos.com\/#website\",\"url\":\"https:\/\/www.athajos.com\/\",\"name\":\"ATHAJOS\",\"description\":\"\",\"publisher\":{\"@id\":\"https:\/\/www.athajos.com\/#organization\"},\"potentialAction\":[{\"@type\":\"SearchAction\",\"target\":{\"@type\":\"EntryPoint\",\"urlTemplate\":\"https:\/\/www.athajos.com\/?s={search_term_string}\"},\"query-input\":\"required name=search_term_string\"}],\"inLanguage\":\"es-PE\"},{\"@type\":\"Organization\",\"@id\":\"https:\/\/www.athajos.com\/#organization\",\"name\":\"ATHAJOS\",\"url\":\"https:\/\/www.athajos.com\/\",\"logo\":{\"@type\":\"ImageObject\",\"inLanguage\":\"es-PE\",\"@id\":\"https:\/\/www.athajos.com\/#\/schema\/logo\/image\/\",\"url\":\"https:\/\/www.athajos.com\/\/wp-content\/uploads\/2023\/03\/cropped-Untitled-design-1.png\",\"contentUrl\":\"https:\/\/www.athajos.com\/\/wp-content\/uploads\/2023\/03\/cropped-Untitled-design-1.png\",\"width\":1282,\"height\":601,\"caption\":\"ATHAJOS\"},\"image\":{\"@id\":\"https:\/\/www.athajos.com\/#\/schema\/logo\/image\/\"}}]}<\/script>\n<!-- \/ Yoast SEO plugin. -->","yoast_head_json":{"title":"BAILE MODERNO - ATHAJOS","robots":{"index":"index","follow":"follow","max-snippet":"max-snippet:-1","max-image-preview":"max-image-preview:large","max-video-preview":"max-video-preview:-1"},"canonical":"https:\/\/www.athajos.com\/index.php\/baile-moderno\/","og_locale":"es_ES","og_type":"article","og_title":"BAILE MODERNO - ATHAJOS","og_description":"BAILE MODERNO Inicio de clases: Primera semana de cada mes. Modalidad: Disponible de forma virtual o presencial. Dirigido a: Adolescentes de 13 a 16 a\u00f1os. Sumilla: te ofrece clases coreogr\u00e1ficas de diversos ritmos actuales con estilo de movimientos r\u00e1pidos y energ\u00e9ticos caracter\u00edsticos de las danzas urbanas, aprender\u00e1s pasos con m\u00fasica pop, Locking, Hip Hop, House, [&hellip;]","og_url":"https:\/\/www.athajos.com\/index.php\/baile-moderno\/","og_site_name":"ATHAJOS","article_modified_time":"2022-08-13T02:42:29+00:00","og_image":[{"url":"http:\/\/www.athajosescueladevida.com\/wp-content\/uploads\/2022\/06\/12419080_1210166245678370_6639936708585136692_o-1024x576.jpg"}],"twitter_card":"summary_large_image","twitter_misc":{"Est. reading time":"2 minutos"},"schema":{"@context":"https:\/\/schema.org","@graph":[{"@type":"WebPage","@id":"https:\/\/www.athajos.com\/index.php\/baile-moderno\/","url":"https:\/\/www.athajos.com\/index.php\/baile-moderno\/","name":"BAILE MODERNO - ATHAJOS","isPartOf":{"@id":"https:\/\/www.athajos.com\/#website"},"datePublished":"2022-08-13T02:42:27+00:00","dateModified":"2022-08-13T02:42:29+00:00","breadcrumb":{"@id":"https:\/\/www.athajos.com\/index.php\/baile-moderno\/#breadcrumb"},"inLanguage":"es-PE","potentialAction":[{"@type":"ReadAction","target":["https:\/\/www.athajos.com\/index.php\/baile-moderno\/"]}]},{"@type":"BreadcrumbList","@id":"https:\/\/www.athajos.com\/index.php\/baile-moderno\/#breadcrumb","itemListElement":[{"@type":"ListItem","position":1,"name":"Portada","item":"https:\/\/www.athajos.com\/"},{"@type":"ListItem","position":2,"name":"BAILE MODERNO"}]},{"@type":"WebSite","@id":"https:\/\/www.athajos.com\/#website","url":"https:\/\/www.athajos.com\/","name":"ATHAJOS","description":"","publisher":{"@id":"https:\/\/www.athajos.com\/#organization"},"potentialAction":[{"@type":"SearchAction","target":{"@type":"EntryPoint","urlTemplate":"https:\/\/www.athajos.com\/?s={search_term_string}"},"query-input":"required name=search_term_string"}],"inLanguage":"es-PE"},{"@type":"Organization","@id":"https:\/\/www.athajos.com\/#organization","name":"ATHAJOS","url":"https:\/\/www.athajos.com\/","logo":{"@type":"ImageObject","inLanguage":"es-PE","@id":"https:\/\/www.athajos.com\/#\/schema\/logo\/image\/","url":"https:\/\/www.athajos.com\/\/wp-content\/uploads\/2023\/03\/cropped-Untitled-design-1.png","contentUrl":"https:\/\/www.athajos.com\/\/wp-content\/uploads\/2023\/03\/cropped-Untitled-design-1.png","width":1282,"height":601,"caption":"ATHAJOS"},"image":{"@id":"https:\/\/www.athajos.com\/#\/schema\/logo\/image\/"}}]}},"_links":{"self":[{"href":"https:\/\/www.athajos.com\/index.php\/wp-json\/wp\/v2\/pages\/730"}],"collection":[{"href":"https:\/\/www.athajos.com\/index.php\/wp-json\/wp\/v2\/pages"}],"about":[{"href":"https:\/\/www.athajos.com\/index.php\/wp-json\/wp\/v2\/types\/page"}],"author":[{"embeddable":true,"href":"https:\/\/www.athajos.com\/index.php\/wp-json\/wp\/v2\/users\/1"}],"replies":[{"embeddable":true,"href":"https:\/\/www.athajos.com\/index.php\/wp-json\/wp\/v2\/comments?post=730"}],"version-history":[{"count":1,"href":"https:\/\/www.athajos.com\/index.php\/wp-json\/wp\/v2\/pages\/730\/revisions"}],"predecessor-version":[{"id":731,"href":"https:\/\/www.athajos.com\/index.php\/wp-json\/wp\/v2\/pages\/730\/revisions\/731"}],"wp:attachment":[{"href":"https:\/\/www.athajos.com\/index.php\/wp-json\/wp\/v2\/media?parent=730"}],"curies":[{"name":"wp","href":"https:\/\/api.w.org\/{rel}","templated":true}]}}